 is the remainder when 2239 is divided by 59?
56
Calculate the remainder when 2004 is divided by 128.
84
What is the remainder when 20013 is divided by 72?
69
What is the remainder when 1754 is divided by 27?
26
Calculate the remainder when 265 is divided by 18.
13
Calculate the remainder when 397 is divided by 150.
97
What is the remainder when 7810 is divided by 45?
25
Calculate the remainder when 837 is divided by 77.
67
What is the remainder when 265 is divided by 116?
33
What is the remainder when 382 is divided by 360?
22
Calculate the remainder when 108 is divided by 53.
2
Calculate the remainder when 14 is divided by 3.
2
Calculate the remainder when 825 is divided by 14.
13
What is the remainder when 229 is divided by 79?
71
Calculate the remainder when 127 is divided by 33.
28
What is the remainder when 67 is divided by 17?
16
What is the remainder when 525 is divided by 24?
21
What is the remainder when 8278 is divided by 9?
7
Calculate the remainder when 73 is divided by 20.
13
What is the remainder when 337 is divided by 78?
25
Calculate the remainder when 127 is divided by 118.
9
What is the remainder when 934 is divided by 93?
4
Calculate the remainder when 1705 is divided by 27.
4
Calculate the remainder when 9597 is divided by 60.
57
Calculate the remainder when 688 is divided by 209.
61
What is the remainder when 451 is divided by 17?
9
Calculate the remainder when 1003 is divided by 9.
4
What is the remainder when 3299 is divided by 11?
10
What is the remainder when 201 is divided by 16?
9
Calculate the remainder when 495 is divided by 50.
45
What is the remainder when 151 is divided by 17?
15
What is the remainder when 4420 is divided by 26?
0
Calculate the remainder when 59 is divided by 21.
17
What is the remainder when 1586 is divided by 21?
11
Calculate the remainder when 122 is divided by 38.
8
Calculate the remainder when 299 is divided by 43.
41
What is the remainder when 45592 is divided by 127?
126
What is the remainder when 1401 is divided by 31?
6
What is the remainder when 691 is divided by 183?
142
Calculate the remainder when 47 is divided by 25.
22
Calculate the remainder when 23579 is divided by 180.
179
What is the remainder when 206 is divided by 100?
6
Calculate the remainder when 325 is divided by 314.
11
What is the remainder when 10 is divided by 6?
4
Calculate the remainder when 60 is divided by 39.
21
Calculate the remainder when 238 is divided by 139.
99
What is the remainder when 223 is divided by 5?
3
Calculate the remainder when 14316 is divided by 16.
12
Calculate the remainder when 44652 is divided by 166.
164
What is the remainder when 446 is divided by 122?
80
What is the remainder when 219 is divided by 38?
29
What is the remainder when 2430 is divided by 269?
9
Calculate the remainder when 267 is divided by 146.
121
Calculate the remainder when 127 is divided by 122.
5
What is the remainder when 357 is divided by 90?
87
Calculate the remainder when 25 is divided by 11.
3
Calculate the remainder when 929 is divided by 79.
60
What is the remainder when 68 is divided by 26?
16
What is the remainder when 505 is divided by 22?
21
Calculate the remainder when 298 is divided by 38.
32
Calculate the remainder when 1087 is divided by 1043.
44
Calculate the remainder when 3307 is divided by 11.
7
What is the remainder when 148 is divided by 5?
3
What is the remainder when 1051 is divided by 84?
43
Calculate the remainder when 380 is divided by 110.
50
Calculate the remainder when 2856 is divided by 6.
0
Calculate the remainder when 469 is divided by 147.
28
Calculate the remainder when 3706 is divided by 70.
66
Calculate the remainder when 533 is divided by 8.
5
What is the remainder when 241 is divided by 124?
117
Calculate the remainder when 305 is divided by 59.
10
Calculate the remainder when 100 is divided by 51.
49
What is the remainder when 4303 is divided by 269?
268
What is the remainder when 429 is divided by 21?
9
What is the remainder when 220 is divided by 29?
17
What is the remainder when 997 is divided by 330?
7
Calculate the remainder when 126 is divided by 26.
22
What is the remainder when 83 is divided by 38?
7
Calculate the remainder when 338 is divided by 45.
23
Calculate the remainder when 5741 is divided by 573.
11
What is the remainder when 87 is divided by 2?
1
Calculate the remainder when 7173 is divided by 175.
173
What is the remainder when 133 is divided by 26?
3
What is the remainder when 264 is divided by 63?
12
What is the remainder when 332 is divided by 313?
19
What is the remainder when 521 is divided by 144?
89
Calculate the remainder when 555 is divided by 12.
3
Calculate the remainder when 153 is divided by 49.
6
Calculate the remainder when 75 is divided by 46.
29
What is the remainder when 1919 is divided by 62?
59
Calculate the remainder when 123 is divided by 6.
3
Calculate the remainder when 34 is divided by 10.
4
What is the remainder when 254 is divided by 43?
39
Calculate the remainder when 6099 is divided by 218.
213
Calculate the remainder when 184 is divided by 50.
34
What is the remainder when 72 is divided by 56?
16
What is the remainder when 683 is divided by 53?
47
What is the remainder when 2063 is divided by 86?
85
What is the remainder when 451 is divided by 38?
33
Calculate the remainder when 543 is divided by 275.
268
What is the remainder when 215 is divided by 89?
37
What is the remainder when 471 is divided by 147?
30
Calculate the remainder when 327 is divided by 12.
3
Calculate the remainder when 284 is divided by 20.
4
Calculate the remainder when 58 is divided by 34.
24
Calculate the remainder when 637 is divided by 40.
37
Calculate the remainder when 563 is divided by 220.
123
Calculate the remainder when 27 is divided by 18.
9
What is the remainder when 1363 is divided by 41?
10
Calculate the remainder when 191 is divided by 60.
11
What is the remainder when 702 is divided by 77?
9
Calculate the remainder when 673 is divided by 84.
1
Calculate the remainder when 159 is divided by 17.
6
What is the remainder when 227 is divided by 63?
38
What is the remainder when 40 is divided by 15?
10
Calculate the remainder when 404 is divided by 178.
48
What is the remainder when 1385 is divided by 451?
32
Calculate the remainder when 746 is divided by 9.
8
Calculate the remainder when 2445 is divided by 25.
20
What is the remainder when 141 is divided by 37?
30
Calculate the remainder when 425 is divided by 17.
0
What is the remainder when 9338 is divided by 10?
8
Calculate the remainder when 421 is divided by 143.
135
What is the remainder when 124 is divided by 27?
16
Calculate the remainder when 211 is divided by 12.
7
Calculate the remainder when 195 is divided by 77.
41
Calculate the remainder when 2110 is divided by 700.
10
What is the remainder when 79 is divided by 17?
11
Calculate the remainder when 238 is divided by 20.
18
Calculate the remainder when 309 is divided by 64.
53
Calculate the remainder when 621 is divided by 154.
5
What is the remainder when 197 is divided by 12?
5
What is the remainder when 4 is divided by 2?
0
Calculate the remainder when 224 is divided by 57.
53
Calculate the remainder when 43 is divided by 12.
7
What is the remainder when 340 is divided by 26?
2
Calculate the remainder when 79 is divided by 14.
9
Calculate the remainder when 156 is divided by 73.
10
Calculate the remainder when 893 is divided by 26.
9
What is the remainder when 1631 is divided by 43?
40
What is the remainder when 122 is divided by 38?
8
Calculate the remainder when 523 is divided by 88.
83
What is the remainder when 494 is divided by 33?
32
What is the remainder when 104 is divided by 22?
16
What is the remainder when 123 is divided by 101?
22
Calculate the remainder when 42 is divided by 11.
9
What is the remainder when 127 is divided by 21?
1
Calculate the remainder when 193 is divided by 49.
46
What is the remainder when 7903 is divided by 52?
51
What is the remainder when 134 is divided by 27?
26
What is the remainder when 185 is divided by 62?
61
Calculate the remainder when 4263 is divided by 194.
189
Calculate the remainder when 215 is divided by 19.
6
What is the remainder when 27604 is divided by 119?
115
What is the remai